(23)?
8
What is the ten thousands digit of -109332*12/(-48) - (-3 + (-6 - -3))?
2
Suppose -329 - 311 = -16*y. Suppose -y*b + 35*b = -5*m - 610, 0 = -4*b - 4*m + 496. What is the tens digit of b?
2
Suppose -4*b - 652 - 599 = 5*m, 0 = -4*m + 5*b - 1009. Let q = m - 361. Let g = -436 - q. What is the hundreds digit of g?
1
Let i = 122031 + -85142. What is the units digit of i?
9
Let t = -2414 + 1305. Let c = -610 - t. What is the hundreds digit of c?
4
Suppose -2*c + 2*c - 11*c = 0. Suppose 27*y - 10*y - 7905 = c. What is the hundreds digit of y?
4
Let k(a) = a**3 - 11*a**2 + 19*a - 8. Let b be k(9). Let z be (-14)/((-56)/(-8)) + 3 + b. What is the tens digit of 108 + -4 + 7 + z?
1
Suppose -21*w - 133758 = -12*w - 15*w. What is the tens digit of w?
9
Suppose 2*r = 10*r + 2680. What is the tens digit of (-20)/(r/1540 + (-4)/(-22))?
6
Suppose 22 = 3*w + 16. Suppose -3*i = w*i - 20. Suppose 0 = 3*m - 2 - i. What is the units digit of m?
2
Let f(k) be the second derivative of k**4/12 - k**3/3 + 305*k**2/2 + 6*k - 6. What is the units digit of f(0)?
5
Let b be 1*(-12)/20*-5. Suppose -2*v - b*t = -11, 3*v = 4*t - 12 + 3. What is the tens digit of (v + 0)/(1/13)?
1
Let a(o) = -111*o - 1283. What is the thousands digit of a(-46)?
3
Suppose -2*j + 41 + 3 = -5*u, 88 = 4*j - 5*u. Suppose -8*l - 4956 = -j*l. What is the hundreds digit of l?
3
What is the thousands digit of (1/4*12 - -23909) + 1?
3
Let u = -1362 + 1924. Let m = u + -301. What is the units digit of m?
1
Let f = -56 + 58. Suppose -f*i = -2*i - 3*i. Suppose -5*q + 0*g + 645 = -2*g, -5*q - 4*g + 645 = i. What is the hundreds digit of q?
1
Let w = 44482 + -26064. What is the ten thousands digit of w?
1
Let t(k) = -k + 1. Let p be t(0). Let i be ((-4)/(-10))/(p - (-2193)/(-2190)). What is the units digit of i/(-3) + 4/6?
8
Let n = 34 - 29. Suppose 5*i + 4*b = 234, -i - n*b + 47 = 17. What is the units digit of i?
0
Let g = -132964 + 190272. What is the ten thousands digit of g?
5
Let l = -65 + 118. Let q = l + -45. Suppose f + 0*t + 3*t - 104 = 0, q = -4*t. What is the units digit of f?
0
Let m = -7362 + 13692. What is the units digit of m?
0
Let r = -182 + 182. Suppose r = 3*u - 101 - 157. What is the units digit of u?
6
What is the tens digit of -90*7/(-35) + 47967?
8
Suppose -3 = -3*o + 4*c, -2*c + 9 = 2*o + 7. Let a = -2 - -2. Suppose 0 = -d - r + 148, -o = -r - a*r. What is the hundreds digit of d?
1
Let r(s) = 2*s - 6. Let g be r(4). Let j(i) = -32*i - 2. Let v(a) = 26*a + 3. Let d(m) = -6*j(m) - 5*v(m). What is the units digit of d(g)?
1
Let g = 123729 + -85898. What is the tens digit of g?
3
Suppose -51296 = 23*w - 37*w. Suppose -5*l + 461 + w = 0. What is the units digit of l?
5
Suppose -6*f + 12*f + 43000 = 10*f. What is the thousands digit of f?
0
Let n(s) = 718*s**2 - 37*s - 191. What is the units digit of n(-5)?
4
Suppose -4*m - 99 = -5*c - 6*m, m = 2*c - 45. Let v = c - -4. Suppose -160 = -v*f + 24*f. What is the units digit of f?
0
Suppose 202*s = 169*s + 565785. What is the tens digit of s?
4
Suppose -32*d = -9*d - 13340. Suppose 5*f = -3*o + d, -10*f = -11*f - 3*o + 116. What is the hundreds digit of f?
1
Let n = 267 - 75. Suppose 5*u = 804 + 636. Let m = u - n. What is the units digit of m?
6
Let a(u) = u**2 - 10*u + 3. Let v be a(12). Suppose 10*k = 283 + v. What is the tens digit of k?
3
Let z(g) = g**2 - 19*g. Let i be z(19). Suppose 4*n - 2*p - 4034 = i, 4*n + 3*p + 498 = 4507. What is the tens digit of n?
0
Let b be 1 + 0 + (-1)/(4/(-12)). Suppose 91 = -b*f - 3*g - 102, 5*f = -4*g - 242. What is the tens digit of (35 - f) + 1/2*6?
8
Suppose 22436 = 13*k - 7737. What is the tens digit of k?
2
Suppose -r = -x - 0*x - 104, -3*r + 418 = -4*x. Let u = 110 + x. What is the hundreds digit of (0 - 1)*1*-241 - u?
2
Let j(f) = 111*f - 117*f - 16 + 5. Let x(y) = 4*y - 4. Let r be x(0). What is the tens digit of j(r)?
1
Suppose 4*s - 25818 = -2*z, -243*s + 247*s = 5*z - 64475. What is the thousands digit of z?
2
Let y(q) = 16*q**2 + 3*q - 4. Let x be y(-3). What is the tens digit of ((-14)/2 + 31)*x/4?
8
Suppose 15*y = 9 - 129. Let m = 33 + y. Suppose -2*p + 79 = m. What is the units digit of p?
7
Suppose 0 = 4*n - 21166 - 11066. Suppose 5*w + 6492 = 3*y + 1682, 0 = -5*y - 2*w + n. What is the units digit of ((-4)/7)/((-20)/y)?
6
Let i(s) = s + 8. Let l be i(-8). Suppose l = 5*q - r + 10, -q + 5*r - 24 = -2*q. What is the units digit of (-693)/42*(q + 1 + -10)?
5
Let u(j) = 3021*j + 526. What is the hundreds digit of u(2)?
5
Suppose -4*f + 3*a + 1057 = 0, 5*f - a - 1298 = -5*a. Let t = f + 520. Suppose -9*l = -t - 361. What is the tens digit of l?
2
Let j = 184557 + -113557. What is the ten thousands digit of j?
7
Let x be 2/5 + (-156)/(-10) + 1. Let z(c) = 2*c**2 - 13*c - 92. What is the units digit of z(x)?
5
What is the units digit of 23/(-207) + (-69806)/(-18) + -7?
1
Let m be (-1)/4 + 1 + (-291)/(-12). Suppose 0 = 5*v + 4*j - 547, 0 = 24*v - m*v + 3*j + 98. What is the tens digit of v?
0
What is the tens digit of (-116)/638 + 710100/33?
1
Let b be ((-2388)/(-5))/4 - (-12)/(-30). Let t = b + -119. Suppose -q + 38 = 5*r - 92, t = 3*q - 3*r - 408. What is the hundreds digit of q?
1
Suppose -11*c - 15 = -16*c. Suppose -c*j + 18 = -6*j. What is the tens digit of 0 - (j - -2 - 137)?
4
Suppose 11*a - 15*a + 22 = 3*t, -5*a - 67 = -3*t. What is the tens digit of t?
1
Let u(t) = 3*t**2 - 17*t - 19. Let g(w) be the third derivative of -w**5/60 - w**3/6 - 24*w**2. Let j(l) = -4*g(l) - u(l). What is the hundreds digit of j(-24)?
1
Let c = -364 - -364. Let k = -2 - -5. Suppose -4*j - 2*i + 248 = c, -260 = -4*j - 2*i + k*i. What is the tens digit of j?
6
Suppose 0 = 11*c - 3846 + 194. Suppose 149*r - c = 145*r. What is the tens digit of r?
8
Let x(i) = -18*i + 4*i - 2*i + 8*i - 77. What is the units digit of x(-22)?
9
Suppose 45193 = -49*w + 672442. What is the tens digit of w?
0
Let c be 0/(-1*(0 + -2)). Suppose 54*p = 51*p. Suppose c = -p*d - d + 37. What is the units digit of d?
7
What is the hundreds digit of (-845700)/(-180) - (-2)/(-6)?
6
What is the thousands digit of (2805/6)/(-5)*900/(-6)?
4
Let p(m) = -595*m**3 + 9*m**2 + 113*m + 446. What is the thousands digit of p(-4)?
8
Suppose -124299 = -3*g - 3*w, 2*w + 3912 = 2*g - 78926. What is the ten thousands digit of g?
4
Let a(c) = -c**3 + 27*c**2 - 23*c - 55. Let u be (-16764)/(-635) + 0 + (-2)/5. What is the units digit of a(u)?
3
Let i(n) = -134*n**2 - 6*n + 8. Let f(d) = d - 1. Let w(u) = -2*f(u) - i(u). Let q be w(3). Suppose -14*c - q = -20*c. What is the hundreds digit of c?
2
Suppose 0*y = 3*c - 4*y - 1, c + 4*y + 21 = 0. What is the hundreds digit of (c + (-120)/(-25))*4*-410?
3
Let q = 17 + 52. Let z be ((-10)/(-15))/(q/(-18) - -4). Suppose 5*x - 649 = s, z*x + s + 3*s = 500. What is the hundreds digit of x?
1
Let i(b) = -2*b + 22. Let p be i(10). Suppose -15 = -z + 5*q, -4*q + p = 6. Suppose -4*v = -14 - z. What is the units digit of v?
6
Let u be (345/(-207))/((-2)/1062). Let z = 374 + u. What is the hundreds digit of z?
2
Suppose 20944 = 4*i + 4*k, 4307*k - 4309*k - 5215 = -i. What is the thousands digit of i?
5
Suppose -n = -5*n. Suppose -2*z = 6, c - 5*z - 62 - 17 = n. Suppose 3*m - 2*w - 331 = 0, -2*w + 271 + c = 3*m. What is the tens digit of m?
1
Suppose 165 = -y - 4*a + 1397, 0 = -3*y - 5*a + 3717. Let l = y + -663. What is the units digit of l?
1
Let o(n) = 2*n**3 - 7*n**2 + 12*n - 9. Let z = 37 - 33. Let b be (z/(-3))/((-3)/9). What is the tens digit of o(b)?
5
Suppose -537264 = -34*x - 38*x. What is the units digit of x?
2
Suppose -31*f + 25*f + 42 = 0. What is the hundreds digit of f/((-126)/477)*(-12)/1?
3
Suppose 38*q = 84*q - 1016709 + 294601. What is the hundreds digit of q?
6
Suppose -4*a - w = -22947, 3*a + 28685 = 8*a + w. What is the units digit of a?
8
Suppose 1832 + 448 = -4*d. Let w = d - -1320. What is the hundreds digit of w?
7
Let j(a) be the second derivative of 13*a**3/3 - 25*a**2 - 37*a. What is the hundreds digit of j(18)?
4
Let w(g) = 9*g**2 - g + 4. Let j be w(3). Suppose 0 = 2*k - 3*c - 123, -3*k = -3*c - 107 - j. What is the tens digit of k?
6
Suppose -165*u + 156*u = -27. Let w(n) = 44*n**3 - 5*n**2 + 14*n + 5. What is the tens digit of w(u)?
9
Let a(q) = -q**3 - 15*q**2 - q + 18. Let y be 